{"id":2242,"date":"2021-10-25T11:40:43","date_gmt":"2021-10-25T11:40:43","guid":{"rendered":"https:\/\/wp.themedemo.org\/WCM07\/WCM070151\/?page_id=2242"},"modified":"2025-01-31T13:35:37","modified_gmt":"2025-01-31T13:35:37","slug":"ueber-uns-2","status":"publish","type":"page","link":"https:\/\/tagespflege-heimathafen.de\/index.php\/ueber-uns-2\/","title":{"rendered":"\u00dcber Uns"},"content":{"rendered":"\t\t<div data-elementor-type=\"wp-page\" data-elementor-id=\"2242\" class=\"elementor elementor-2242\" data-elementor-post-type=\"page\">\n\t\t\t\t\t\t<section class=\"elementor-section elementor-top-section elementor-element elementor-element-aa42a13 aboutus1 elementor-section-boxed elementor-section-height-default elementor-section-height-default\" data-id=\"aa42a13\" data-element_type=\"section\" data-e-type=\"section\">\n\t\t\t\t\t\t<div class=\"elementor-container elementor-column-gap-custom\">\n\t\t\t\t\t<div class=\"elementor-column elementor-col-50 elementor-top-column elementor-element elementor-element-04a18e8 aboutus-col2\" data-id=\"04a18e8\" data-element_type=\"column\" data-e-type=\"column\" data-settings=\"{&quot;background_background&quot;:&quot;classic&quot;}\">\n\t\t\t<div class=\"elementor-widget-wrap elementor-element-populated\">\n\t\t\t\t\t\t<div class=\"elementor-element elementor-element-9a57c8a elementor-widget elementor-widget-text-editor\" data-id=\"9a57c8a\" data-element_type=\"widget\" data-e-type=\"widget\" data-widget_type=\"text-editor.default\">\n\t\t\t\t<div class=\"elementor-widget-container\">\n\t\t\t\t\t\t\t\t\t<p>In unserer Tagespflege &#8222;Heimathafen&#8220; werden \u00fcberwiegend pflegebed\u00fcrftige Seniorinnen und Senioren tags\u00fcber betreut, versorgt und besch\u00e4ftigt. Ein Team aus Pflegefachkr\u00e4ften und geschulten Betreuerinnen und Betreuern k\u00fcmmert sich liebevoll und kompetent, organisiert und gestaltet den Tagesablauf.<\/p>\t\t\t\t\t\t\t\t<\/div>\n\t\t\t\t<\/div>\n\t\t\t\t<div class=\"elementor-element elementor-element-4b84325 elementor-widget elementor-widget-text-editor\" data-id=\"4b84325\" data-element_type=\"widget\" data-e-type=\"widget\" data-widget_type=\"text-editor.default\">\n\t\t\t\t<div class=\"elementor-widget-container\">\n\t\t\t\t\t\t\t\t\t<p>Wir m\u00f6chten vorhandene F\u00e4higkeiten unserer Tagesg\u00e4ste erhalten und verbessern. Wir geben den Tagen Struktur, schaffen Freir\u00e4ume f\u00fcr Angeh\u00f6rige, bringen Freude und Abwechslung in den Alltag unserer Seniorinnen und Senioren und helfen, Einsamkeit und Isolation zu vermeiden.<\/p>\t\t\t\t\t\t\t\t<\/div>\n\t\t\t\t<\/div>\n\t\t\t\t<div class=\"elementor-element elementor-element-577c228 elementor-widget elementor-widget-text-editor\" data-id=\"577c228\" data-element_type=\"widget\" data-e-type=\"widget\" data-widget_type=\"text-editor.default\">\n\t\t\t\t<div class=\"elementor-widget-container\">\n\t\t\t\t\t\t\t\t\t<p>Tagespflege stellt f\u00fcr pflegebed\u00fcrftige Menschen eine gute Erg\u00e4nzung zur h\u00e4uslichen Versorgung und kann helfen, einen Heimaufenthalt zu verhindern oder hinauszuz\u00f6gern.<\/p>\t\t\t\t\t\t\t\t<\/div>\n\t\t\t\t<\/div>\n\t\t\t\t\t<\/div>\n\t\t<\/div>\n\t\t\t\t<div class=\"elementor-column elementor-col-50 elementor-top-column elementor-element elementor-element-455dc9c aboutus-col1\" data-id=\"455dc9c\" data-element_type=\"column\" data-e-type=\"column\">\n\t\t\t<div class=\"elementor-widget-wrap elementor-element-populated\">\n\t\t\t\t\t\t<div class=\"elementor-element elementor-element-124a053 elementor-widget elementor-widget-image\" data-id=\"124a053\" data-element_type=\"widget\" data-e-type=\"widget\" data-widget_type=\"image.default\">\n\t\t\t\t<div class=\"elementor-widget-container\">\n\t\t\t\t\t\t\t\t\t\t\t\t\t\t\t<img fetchpriority=\"high\" decoding=\"async\" width=\"448\" height=\"299\" src=\"https:\/\/tagespflege-heimathafen.de\/wp-content\/uploads\/2023\/10\/Ueu01.jpg\" class=\"attachment-full size-full wp-image-12947\" alt=\"\" srcset=\"https:\/\/tagespflege-heimathafen.de\/wp-content\/uploads\/2023\/10\/Ueu01.jpg 448w, https:\/\/tagespflege-heimathafen.de\/wp-content\/uploads\/2023\/10\/Ueu01-300x200.jpg 300w\" sizes=\"(max-width: 448px) 100vw, 448px\" \/>\t\t\t\t\t\t\t\t\t\t\t\t\t\t\t<\/div>\n\t\t\t\t<\/div>\n\t\t\t\t\t<\/div>\n\t\t<\/div>\n\t\t\t\t\t<\/div>\n\t\t<\/section>\n\t\t\t\t<section class=\"elementor-section elementor-top-section elementor-element elementor-element-ccb44a5 aboutus1 elementor-section-boxed elementor-section-height-default elementor-section-height-default\" data-id=\"ccb44a5\" data-element_type=\"section\" data-e-type=\"section\">\n\t\t\t\t\t\t<div class=\"elementor-container elementor-column-gap-default\">\n\t\t\t\t\t<div class=\"elementor-column elementor-col-50 elementor-top-column elementor-element elementor-element-392c10b aboutus-col2\" data-id=\"392c10b\" data-element_type=\"column\" data-e-type=\"column\" data-settings=\"{&quot;background_background&quot;:&quot;classic&quot;}\">\n\t\t\t<div class=\"elementor-widget-wrap elementor-element-populated\">\n\t\t\t\t\t\t<div class=\"elementor-element elementor-element-b7e5e68 elementor-widget__width-initial elementor-widget elementor-widget-text-editor\" data-id=\"b7e5e68\" data-element_type=\"widget\" data-e-type=\"widget\" data-widget_type=\"text-editor.default\">\n\t\t\t\t<div class=\"elementor-widget-container\">\n\t\t\t\t\t\t\t\t\t<p>Gern unterst\u00fctzen wir pflegende Angeh\u00f6rige mit Urlaubs- und Verhinderungspflege. Wenn Sie zum Beispiel selbst zum Arzt gehen m\u00fcssen oder andere Termine haben, betreuen wir stundenweise Ihre pflegebed\u00fcrftigen Angeh\u00f6rigen in unserer Tagespflege.<\/p><p>Haben wir Ihr Interesse geweckt ? Dann beraten wir Sie gern \u00fcber die verschiedenen M\u00f6glichkeiten, unsere Tagespflege als Gast zu nutzen. Wir informieren Sie auch \u00fcber die Kosten\u00fcbernahme durch die Pflegekassen.<\/p>\t\t\t\t\t\t\t\t<\/div>\n\t\t\t\t<\/div>\n\t\t\t\t\t<\/div>\n\t\t<\/div>\n\t\t\t\t<div class=\"elementor-column elementor-col-50 elementor-top-column elementor-element elementor-element-375a917 aboutus-col1\" data-id=\"375a917\" data-element_type=\"column\" data-e-type=\"column\">\n\t\t\t<div class=\"elementor-widget-wrap elementor-element-populated\">\n\t\t\t\t\t\t<div class=\"elementor-element elementor-element-a6762a4 elementor-widget elementor-widget-image\" data-id=\"a6762a4\" data-element_type=\"widget\" data-e-type=\"widget\" data-widget_type=\"image.default\">\n\t\t\t\t<div class=\"elementor-widget-container\">\n\t\t\t\t\t\t\t\t\t\t\t\t\t\t\t<img decoding=\"async\" width=\"448\" height=\"311\" src=\"https:\/\/tagespflege-heimathafen.de\/wp-content\/uploads\/2023\/10\/Ueu09.jpg\" class=\"attachment-full size-full wp-image-12948\" alt=\"\" srcset=\"https:\/\/tagespflege-heimathafen.de\/wp-content\/uploads\/2023\/10\/Ueu09.jpg 448w, https:\/\/tagespflege-heimathafen.de\/wp-content\/uploads\/2023\/10\/Ueu09-300x208.jpg 300w\" sizes=\"(max-width: 448px) 100vw, 448px\" \/>\t\t\t\t\t\t\t\t\t\t\t\t\t\t\t<\/div>\n\t\t\t\t<\/div>\n\t\t\t\t\t<\/div>\n\t\t<\/div>\n\t\t\t\t\t<\/div>\n\t\t<\/section>\n\t\t\t\t<section class=\"elementor-section elementor-top-section elementor-element elementor-element-08d8ec0 elementor-section-stretched elementor-section-boxed elementor-section-height-default elementor-section-height-default\" data-id=\"08d8ec0\" data-element_type=\"section\" data-e-type=\"section\" data-settings=\"{&quot;background_background&quot;:&quot;classic&quot;,&quot;stretch_section&quot;:&quot;section-stretched&quot;}\">\n\t\t\t\t\t\t<div class=\"elementor-container elementor-column-gap-default\">\n\t\t\t\t\t<div class=\"elementor-column elementor-col-50 elementor-top-column elementor-element elementor-element-5a1fa91\" data-id=\"5a1fa91\" data-element_type=\"column\" data-e-type=\"column\">\n\t\t\t<div class=\"elementor-widget-wrap elementor-element-populated\">\n\t\t\t\t\t\t<div class=\"elementor-element elementor-element-c689605 elementor-widget elementor-widget-heading\" data-id=\"c689605\" data-element_type=\"widget\" data-e-type=\"widget\" data-widget_type=\"heading.default\">\n\t\t\t\t<div class=\"elementor-widget-container\">\n\t\t\t\t\t<h2 class=\"elementor-heading-title elementor-size-default\">Flyer<\/h2>\t\t\t\t<\/div>\n\t\t\t\t<\/div>\n\t\t\t\t<div class=\"elementor-element elementor-element-e60fd62 elementor-widget-divider--view-line elementor-widget elementor-widget-divider\" data-id=\"e60fd62\" data-element_type=\"widget\" data-e-type=\"widget\" data-widget_type=\"divider.default\">\n\t\t\t\t<div class=\"elementor-widget-container\">\n\t\t\t\t\t\t\t<div class=\"elementor-divider\">\n\t\t\t<span class=\"elementor-divider-separator\">\n\t\t\t\t\t\t<\/span>\n\t\t<\/div>\n\t\t\t\t\t\t<\/div>\n\t\t\t\t<\/div>\n\t\t\t\t<div class=\"elementor-element elementor-element-a44bbaa elementor-widget elementor-widget-text-editor\" data-id=\"a44bbaa\" data-element_type=\"widget\" data-e-type=\"widget\" data-widget_type=\"text-editor.default\">\n\t\t\t\t<div class=\"elementor-widget-container\">\n\t\t\t\t\t\t\t\t\t<p><span style=\"color: 000000;\"><span style=\"vertical-align: inherit;\"><span style=\"vertical-align: inherit;\"><span style=\"vertical-align: inherit;\"><span style=\"vertical-align: inherit;\">Unsere Brosch\u00fcre \u00fcber die Tagespflege &#8222;Heimathafen&#8220; finden Sie <a href=\"https:\/\/tagespflege-heimathafen.de\/wp-content\/uploads\/2023\/10\/102_15568821345ccc22d6cc3c0.pdf\">hier<\/a> zum Herunterladen\u00a0 <\/span><\/span><\/span><\/span><\/span><span style=\"vertical-align: inherit;\"><span style=\"vertical-align: inherit;\"><span style=\"vertical-align: inherit;\"><span style=\"vertical-align: inherit;\">\u00a0<\/span><\/span><\/span><\/span><\/p>\t\t\t\t\t\t\t\t<\/div>\n\t\t\t\t<\/div>\n\t\t\t\t\t<\/div>\n\t\t<\/div>\n\t\t\t\t<div class=\"elementor-column elementor-col-50 elementor-top-column elementor-element elementor-element-244249f\" data-id=\"244249f\" data-element_type=\"column\" data-e-type=\"column\">\n\t\t\t<div class=\"elementor-widget-wrap elementor-element-populated\">\n\t\t\t\t\t\t<div class=\"elementor-element elementor-element-41650e0 elementor-widget elementor-widget-image\" data-id=\"41650e0\" data-element_type=\"widget\" data-e-type=\"widget\" data-widget_type=\"image.default\">\n\t\t\t\t<div class=\"elementor-widget-container\">\n\t\t\t\t\t\t\t\t\t\t\t\t\t\t\t\t<a href=\"https:\/\/tagespflege-heimathafen.de\/wp-content\/uploads\/2023\/10\/102_15568821345ccc22d6cc3c0.pdf\" target=\"_blank\">\n\t\t\t\t\t\t\t<img decoding=\"async\" width=\"210\" height=\"300\" src=\"https:\/\/tagespflege-heimathafen.de\/wp-content\/uploads\/2024\/02\/Flyer-210x300.png\" class=\"attachment-medium size-medium wp-image-13378\" alt=\"\" srcset=\"https:\/\/tagespflege-heimathafen.de\/wp-content\/uploads\/2024\/02\/Flyer-210x300.png 210w, https:\/\/tagespflege-heimathafen.de\/wp-content\/uploads\/2024\/02\/Flyer.png 719w\" sizes=\"(max-width: 210px) 100vw, 210px\" \/>\t\t\t\t\t\t\t\t<\/a>\n\t\t\t\t\t\t\t\t\t\t\t\t\t\t\t<\/div>\n\t\t\t\t<\/div>\n\t\t\t\t\t<\/div>\n\t\t<\/div>\n\t\t\t\t\t<\/div>\n\t\t<\/section>\n\t\t\t\t<\/div>\n\t\t","protected":false},"excerpt":{"rendered":"<p>In unserer Tagespflege &#8222;Heimathafen&#8220; werden \u00fcberwiegend pflegebed\u00fcrftige Seniorinnen und Senioren tags\u00fcber betreut, versorgt und besch\u00e4ftigt. Ein Team aus Pflegefachkr\u00e4ften und&#8230;<\/p>\n","protected":false},"author":1,"featured_media":0,"parent":0,"menu_order":0,"comment_status":"closed","ping_status":"closed","template":"","meta":{"_tbt_post_transparent":"","_tbt_post_title":"","_tbt_post_layout":"","_tbt_post_sidebar_id":"","_tbt_post_content_style":"","_tbt_post_vertical_padding":"","_tbt_post_feature":"","_tbt_post_feature_position":"","_tbt_post_header":false,"_tbt_post_footer":false},"class_list":["post-2242","page","type-page","status-publish","hentry"],"yoast_head":"<!-- This site is optimized with the Yoast SEO plugin v27.6 - https:\/\/yoast.com\/product\/yoast-seo-wordpress\/ -->\n<title>\u00dcber Uns - Tagespflege Heimathafen Raihan Toto Slot Gacor Slot Online Dana Resmi Indonesia<\/title>\n<meta name=\"description\" content=\"In der Tagespflege &quot;Heimathafen&quot; betreuen wir pflegebed\u00fcrftige Senioren, bieten Verhinderungspflege und einen Fahrdienst. Kontakt: \u260f 0381 80 89 81 75\" \/>\n<meta name=\"robots\" content=\"index, follow, max-snippet:-1, max-image-preview:large, max-video-preview:-1\" \/>\n<link rel=\"canonical\" href=\"https:\/\/tagespflege-heimathafen.de\/index.php\/ueber-uns-2\/\" \/>\n<meta property=\"og:locale\" content=\"de_DE\" \/>\n<meta property=\"og:type\" content=\"article\" \/>\n<meta property=\"og:title\" content=\"\u00dcber Uns - Tagespflege Heimathafen Raihan Toto Slot Gacor Slot Online Dana Resmi Indonesia\" \/>\n<meta property=\"og:description\" content=\"In der Tagespflege &quot;Heimathafen&quot; betreuen wir pflegebed\u00fcrftige Senioren, bieten Verhinderungspflege und einen Fahrdienst. Kontakt: \u260f 0381 80 89 81 75\" \/>\n<meta property=\"og:url\" content=\"https:\/\/tagespflege-heimathafen.de\/index.php\/ueber-uns-2\/\" \/>\n<meta property=\"og:site_name\" content=\"Tagespflege Heimathafen\" \/>\n<meta property=\"article:modified_time\" content=\"2025-01-31T13:35:37+00:00\" \/>\n<meta property=\"og:image\" content=\"https:\/\/tagespflege-heimathafen.de\/wp-content\/uploads\/2023\/10\/Ueu01.jpg\" \/>\n<meta name=\"twitter:card\" content=\"summary_large_image\" \/>\n<meta name=\"twitter:label1\" content=\"Gesch\u00e4tzte Lesezeit\" \/>\n\t<meta name=\"twitter:data1\" content=\"2\u00a0Minuten\" \/>\n<script type=\"application\/ld+json\" class=\"yoast-schema-graph\">{\"@context\":\"https:\\\/\\\/schema.org\",\"@graph\":[{\"@type\":\"WebPage\",\"@id\":\"https:\\\/\\\/tagespflege-heimathafen.de\\\/index.php\\\/ueber-uns-2\\\/\",\"url\":\"https:\\\/\\\/tagespflege-heimathafen.de\\\/index.php\\\/ueber-uns-2\\\/\",\"name\":\"\u00dcber Uns - Tagespflege Heimathafen Raihan Toto Slot Gacor Slot Online Dana Resmi Indonesia\",\"isPartOf\":{\"@id\":\"https:\\\/\\\/tagespflege-heimathafen.de\\\/#website\"},\"primaryImageOfPage\":{\"@id\":\"https:\\\/\\\/tagespflege-heimathafen.de\\\/index.php\\\/ueber-uns-2\\\/#primaryimage\"},\"image\":{\"@id\":\"https:\\\/\\\/tagespflege-heimathafen.de\\\/index.php\\\/ueber-uns-2\\\/#primaryimage\"},\"thumbnailUrl\":\"https:\\\/\\\/tagespflege-heimathafen.de\\\/wp-content\\\/uploads\\\/2023\\\/10\\\/Ueu01.jpg\",\"datePublished\":\"2021-10-25T11:40:43+00:00\",\"dateModified\":\"2025-01-31T13:35:37+00:00\",\"description\":\"In der Tagespflege \\\"Heimathafen\\\" betreuen wir pflegebed\u00fcrftige Senioren, bieten Verhinderungspflege und einen Fahrdienst. Kontakt: \u260f 0381 80 89 81 75\",\"breadcrumb\":{\"@id\":\"https:\\\/\\\/tagespflege-heimathafen.de\\\/index.php\\\/ueber-uns-2\\\/#breadcrumb\"},\"inLanguage\":\"de\",\"potentialAction\":[{\"@type\":\"ReadAction\",\"target\":[\"https:\\\/\\\/tagespflege-heimathafen.de\\\/index.php\\\/ueber-uns-2\\\/\"]}]},{\"@type\":\"ImageObject\",\"inLanguage\":\"de\",\"@id\":\"https:\\\/\\\/tagespflege-heimathafen.de\\\/index.php\\\/ueber-uns-2\\\/#primaryimage\",\"url\":\"https:\\\/\\\/tagespflege-heimathafen.de\\\/wp-content\\\/uploads\\\/2023\\\/10\\\/Ueu01.jpg\",\"contentUrl\":\"https:\\\/\\\/tagespflege-heimathafen.de\\\/wp-content\\\/uploads\\\/2023\\\/10\\\/Ueu01.jpg\",\"width\":448,\"height\":299},{\"@type\":\"BreadcrumbList\",\"@id\":\"https:\\\/\\\/tagespflege-heimathafen.de\\\/index.php\\\/ueber-uns-2\\\/#breadcrumb\",\"itemListElement\":[{\"@type\":\"ListItem\",\"position\":1,\"name\":\"Startseite\",\"item\":\"https:\\\/\\\/tagespflege-heimathafen.de\\\/\"},{\"@type\":\"ListItem\",\"position\":2,\"name\":\"\u00dcber Uns\"}]},{\"@type\":\"WebSite\",\"@id\":\"https:\\\/\\\/tagespflege-heimathafen.de\\\/#website\",\"url\":\"https:\\\/\\\/tagespflege-heimathafen.de\\\/\",\"name\":\"Tagespflege Heimathafen\",\"description\":\"\",\"publisher\":{\"@id\":\"https:\\\/\\\/tagespflege-heimathafen.de\\\/#organization\"},\"potentialAction\":[{\"@type\":\"SearchAction\",\"target\":{\"@type\":\"EntryPoint\",\"urlTemplate\":\"https:\\\/\\\/tagespflege-heimathafen.de\\\/?s={search_term_string}\"},\"query-input\":{\"@type\":\"PropertyValueSpecification\",\"valueRequired\":true,\"valueName\":\"search_term_string\"}}],\"inLanguage\":\"de\"},{\"@type\":\"Organization\",\"@id\":\"https:\\\/\\\/tagespflege-heimathafen.de\\\/#organization\",\"name\":\"Tagespflege Heimathafen\",\"url\":\"https:\\\/\\\/tagespflege-heimathafen.de\\\/\",\"logo\":{\"@type\":\"ImageObject\",\"inLanguage\":\"de\",\"@id\":\"https:\\\/\\\/tagespflege-heimathafen.de\\\/#\\\/schema\\\/logo\\\/image\\\/\",\"url\":\"https:\\\/\\\/tagespflege-heimathafen.de\\\/wp-content\\\/uploads\\\/2025\\\/02\\\/PVZ-Logo.jpg\",\"contentUrl\":\"https:\\\/\\\/tagespflege-heimathafen.de\\\/wp-content\\\/uploads\\\/2025\\\/02\\\/PVZ-Logo.jpg\",\"width\":1218,\"height\":498,\"caption\":\"Tagespflege Heimathafen\"},\"image\":{\"@id\":\"https:\\\/\\\/tagespflege-heimathafen.de\\\/#\\\/schema\\\/logo\\\/image\\\/\"}}]}<\/script>\n<!-- \/ Yoast SEO plugin. -->","yoast_head_json":{"title":"\u00dcber Uns - Tagespflege Heimathafen Raihan Toto Slot Gacor Slot Online Dana Resmi Indonesia","description":"In der Tagespflege \"Heimathafen\" betreuen wir pflegebed\u00fcrftige Senioren, bieten Verhinderungspflege und einen Fahrdienst. Kontakt: \u260f 0381 80 89 81 75","robots":{"index":"index","follow":"follow","max-snippet":"max-snippet:-1","max-image-preview":"max-image-preview:large","max-video-preview":"max-video-preview:-1"},"canonical":"https:\/\/tagespflege-heimathafen.de\/index.php\/ueber-uns-2\/","og_locale":"de_DE","og_type":"article","og_title":"\u00dcber Uns - Tagespflege Heimathafen Raihan Toto Slot Gacor Slot Online Dana Resmi Indonesia","og_description":"In der Tagespflege \"Heimathafen\" betreuen wir pflegebed\u00fcrftige Senioren, bieten Verhinderungspflege und einen Fahrdienst. Kontakt: \u260f 0381 80 89 81 75","og_url":"https:\/\/tagespflege-heimathafen.de\/index.php\/ueber-uns-2\/","og_site_name":"Tagespflege Heimathafen","article_modified_time":"2025-01-31T13:35:37+00:00","og_image":[{"url":"https:\/\/tagespflege-heimathafen.de\/wp-content\/uploads\/2023\/10\/Ueu01.jpg","type":"","width":"","height":""}],"twitter_card":"summary_large_image","twitter_misc":{"Gesch\u00e4tzte Lesezeit":"2\u00a0Minuten"},"schema":{"@context":"https:\/\/schema.org","@graph":[{"@type":"WebPage","@id":"https:\/\/tagespflege-heimathafen.de\/index.php\/ueber-uns-2\/","url":"https:\/\/tagespflege-heimathafen.de\/index.php\/ueber-uns-2\/","name":"\u00dcber Uns - Tagespflege Heimathafen Raihan Toto Slot Gacor Slot Online Dana Resmi Indonesia","isPartOf":{"@id":"https:\/\/tagespflege-heimathafen.de\/#website"},"primaryImageOfPage":{"@id":"https:\/\/tagespflege-heimathafen.de\/index.php\/ueber-uns-2\/#primaryimage"},"image":{"@id":"https:\/\/tagespflege-heimathafen.de\/index.php\/ueber-uns-2\/#primaryimage"},"thumbnailUrl":"https:\/\/tagespflege-heimathafen.de\/wp-content\/uploads\/2023\/10\/Ueu01.jpg","datePublished":"2021-10-25T11:40:43+00:00","dateModified":"2025-01-31T13:35:37+00:00","description":"In der Tagespflege \"Heimathafen\" betreuen wir pflegebed\u00fcrftige Senioren, bieten Verhinderungspflege und einen Fahrdienst. Kontakt: \u260f 0381 80 89 81 75","breadcrumb":{"@id":"https:\/\/tagespflege-heimathafen.de\/index.php\/ueber-uns-2\/#breadcrumb"},"inLanguage":"de","potentialAction":[{"@type":"ReadAction","target":["https:\/\/tagespflege-heimathafen.de\/index.php\/ueber-uns-2\/"]}]},{"@type":"ImageObject","inLanguage":"de","@id":"https:\/\/tagespflege-heimathafen.de\/index.php\/ueber-uns-2\/#primaryimage","url":"https:\/\/tagespflege-heimathafen.de\/wp-content\/uploads\/2023\/10\/Ueu01.jpg","contentUrl":"https:\/\/tagespflege-heimathafen.de\/wp-content\/uploads\/2023\/10\/Ueu01.jpg","width":448,"height":299},{"@type":"BreadcrumbList","@id":"https:\/\/tagespflege-heimathafen.de\/index.php\/ueber-uns-2\/#breadcrumb","itemListElement":[{"@type":"ListItem","position":1,"name":"Startseite","item":"https:\/\/tagespflege-heimathafen.de\/"},{"@type":"ListItem","position":2,"name":"\u00dcber Uns"}]},{"@type":"WebSite","@id":"https:\/\/tagespflege-heimathafen.de\/#website","url":"https:\/\/tagespflege-heimathafen.de\/","name":"Tagespflege Heimathafen","description":"","publisher":{"@id":"https:\/\/tagespflege-heimathafen.de\/#organization"},"potentialAction":[{"@type":"SearchAction","target":{"@type":"EntryPoint","urlTemplate":"https:\/\/tagespflege-heimathafen.de\/?s={search_term_string}"},"query-input":{"@type":"PropertyValueSpecification","valueRequired":true,"valueName":"search_term_string"}}],"inLanguage":"de"},{"@type":"Organization","@id":"https:\/\/tagespflege-heimathafen.de\/#organization","name":"Tagespflege Heimathafen","url":"https:\/\/tagespflege-heimathafen.de\/","logo":{"@type":"ImageObject","inLanguage":"de","@id":"https:\/\/tagespflege-heimathafen.de\/#\/schema\/logo\/image\/","url":"https:\/\/tagespflege-heimathafen.de\/wp-content\/uploads\/2025\/02\/PVZ-Logo.jpg","contentUrl":"https:\/\/tagespflege-heimathafen.de\/wp-content\/uploads\/2025\/02\/PVZ-Logo.jpg","width":1218,"height":498,"caption":"Tagespflege Heimathafen"},"image":{"@id":"https:\/\/tagespflege-heimathafen.de\/#\/schema\/logo\/image\/"}}]}},"jetpack_sharing_enabled":true,"_links":{"self":[{"href":"https:\/\/tagespflege-heimathafen.de\/index.php\/wp-json\/wp\/v2\/pages\/2242","targetHints":{"allow":["GET"]}}],"collection":[{"href":"https:\/\/tagespflege-heimathafen.de\/index.php\/wp-json\/wp\/v2\/pages"}],"about":[{"href":"https:\/\/tagespflege-heimathafen.de\/index.php\/wp-json\/wp\/v2\/types\/page"}],"author":[{"embeddable":true,"href":"https:\/\/tagespflege-heimathafen.de\/index.php\/wp-json\/wp\/v2\/users\/1"}],"replies":[{"embeddable":true,"href":"https:\/\/tagespflege-heimathafen.de\/index.php\/wp-json\/wp\/v2\/comments?post=2242"}],"version-history":[{"count":187,"href":"https:\/\/tagespflege-heimathafen.de\/index.php\/wp-json\/wp\/v2\/pages\/2242\/revisions"}],"predecessor-version":[{"id":13662,"href":"https:\/\/tagespflege-heimathafen.de\/index.php\/wp-json\/wp\/v2\/pages\/2242\/revisions\/13662"}],"wp:attachment":[{"href":"https:\/\/tagespflege-heimathafen.de\/index.php\/wp-json\/wp\/v2\/media?parent=2242"}],"curies":[{"name":"wp","href":"https:\/\/api.w.org\/{rel}","templated":true}]}}